{"id":652,"date":"2016-03-02T12:07:11","date_gmt":"2016-03-02T11:07:11","guid":{"rendered":"https:\/\/www.before-muenchen.de\/fr\/conseil\/was-tun-wenn-ich-angegriffen-wurde\/"},"modified":"2016-10-10T11:47:21","modified_gmt":"2016-10-10T09:47:21","slug":"que-faire-en-cas-dagression","status":"publish","type":"page","link":"https:\/\/www.before-muenchen.de\/fr\/conseil\/que-faire-en-cas-dagression\/","title":{"rendered":"Que faire en cas d\u2019agression ?"},"content":{"rendered":"<h1>Que faire en cas<br \/>\nd\u2019agression ?<\/h1>\n<ul>\n<li>\u00c9tablissez un proc\u00e8s-verbal des faits (en indiquant : lieu, date, heure, nombre de personnes concern\u00e9es, etc.)<\/li>\n<li>En cas de blessures, consultez un m\u00e9decin (demandez au m\u00e9decin ou \u00e0 l\u2019h\u00f4pital de vous remettre une attestation ou une expertise \u00e0 des fins de traitement \u00e9ventuel et de documentation)<\/li>\n<li>Informez la police (si vous le souhaitez)<\/li>\n<li>Portez plainte, le cas \u00e9ch\u00e9ant en vous constituant partie civile (dans l\u2019id\u00e9al, imm\u00e9diatement sur place ; sinon, possibilit\u00e9 de le faire dans les trois mois apr\u00e8s les faits ou au-del\u00e0)<\/li>\n<li>Notez le num\u00e9ro de la plainte (il vous sera n\u00e9cessaire pour vous enqu\u00e9rir du stade de l\u2019enqu\u00eate des services de police)<\/li>\n<li>Faites-vous remettre une copie de la plainte<\/li>\n<li>S\u2019il y a des t\u00e9moins, allez leur parler et notez leur nom et un moyen de les joindre (adresse, t\u00e9l\u00e9phone)<\/li>\n<li>Prenez contact avec un centre de conseil aux victimes de violences d\u2019extr\u00eame droite<\/li>\n<\/ul>\n<p>Vous discuterez ensemble de la marche \u00e0 suivre. Le centre de conseil pourra notamment vous apporter son soutien en vous accompagnant au commissariat de police, chez le m\u00e9decin ou chez un avocat, ou encore en \u00e9tant \u00e0 vos c\u00f4t\u00e9s lors d\u2019\u00e9ventuelles proc\u00e9dures judiciaires.<\/p>","protected":false},"excerpt":{"rendered":"<p>Que faire en cas d\u2019agression ? \u00c9tablissez &#8230; <\/p>\n","protected":false},"author":1,"featured_media":0,"parent":644,"menu_order":7,"comment_status":"closed","ping_status":"closed","template":"","meta":{"_acf_changed":false,"footnotes":""},"class_list":["post-652","page","type-page","status-publish","hentry"],"acf":[],"_links":{"self":[{"href":"https:\/\/www.before-muenchen.de\/fr\/wp-json\/wp\/v2\/pages\/652","targetHints":{"allow":["GET"]}}],"collection":[{"href":"https:\/\/www.before-muenchen.de\/fr\/wp-json\/wp\/v2\/pages"}],"about":[{"href":"https:\/\/www.before-muenchen.de\/fr\/wp-json\/wp\/v2\/types\/page"}],"author":[{"embeddable":true,"href":"https:\/\/www.before-muenchen.de\/fr\/wp-json\/wp\/v2\/users\/1"}],"replies":[{"embeddable":true,"href":"https:\/\/www.before-muenchen.de\/fr\/wp-json\/wp\/v2\/comments?post=652"}],"version-history":[{"count":5,"href":"https:\/\/www.before-muenchen.de\/fr\/wp-json\/wp\/v2\/pages\/652\/revisions"}],"predecessor-version":[{"id":701,"href":"https:\/\/www.before-muenchen.de\/fr\/wp-json\/wp\/v2\/pages\/652\/revisions\/701"}],"up":[{"embeddable":true,"href":"https:\/\/www.before-muenchen.de\/fr\/wp-json\/wp\/v2\/pages\/644"}],"wp:attachment":[{"href":"https:\/\/www.before-muenchen.de\/fr\/wp-json\/wp\/v2\/media?parent=652"}],"curies":[{"name":"wp","href":"https:\/\/api.w.org\/{rel}","templated":true}]}}

<h1>Que faire en cas<br />
d’agression ?</h1>
<ul>
<li>Établissez un procès-verbal des faits (en indiquant : lieu, date, heure, nombre de personnes concernées, etc.)</li>
<li>En cas de blessures, consultez un médecin (demandez au médecin ou à l’hôpital de vous remettre une attestation ou une expertise à des fins de traitement éventuel et de documentation)</li>
<li>Informez la police (si vous le souhaitez)</li>
<li>Portez plainte, le cas échéant en vous constituant partie civile (dans l’idéal, immédiatement sur place ; sinon, possibilité de le faire dans les trois mois après les faits ou au-delà)</li>
<li>Notez le numéro de la plainte (il vous sera nécessaire pour vous enquérir du stade de l’enquête des services de police)</li>
<li>Faites-vous remettre une copie de la plainte</li>
<li>S’il y a des témoins, allez leur parler et notez leur nom et un moyen de les joindre (adresse, téléphone)</li>
<li>Prenez contact avec un centre de conseil aux victimes de violences d’extrême droite</li>
</ul>
<p>Vous discuterez ensemble de la marche à suivre. Le centre de conseil pourra notamment vous apporter son soutien en vous accompagnant au commissariat de police, chez le médecin ou chez un avocat, ou encore en étant à vos côtés lors d’éventuelles procédures judiciaires.</p>

<p>Que faire en cas d’agression ? Établissez &#8230; </p>
